
What are the prime factors of 199227544?
2, 103, 241781
What are the prime factors of 49152831?
3, 7, 13, 17, 89
What are the prime factors of 1482681335?
5, 10691, 27737
What are the prime factors of 439470135?
3, 5, 13, 57787
What are the prime factors of 1127172571?
7, 53, 3038201
What are the prime factors of 50263743?
3, 463, 36187
List the prime factors of 1092840229.
13, 409, 205537
What are the prime factors of 2171962055?
5, 434392411
List the prime factors of 1029700494.
2, 3, 137, 417559
List the prime factors of 1043611547.
11, 47, 2018591
What are the prime factors of 1000378629?
3, 23, 4832747
What are the prime factors of 73834686?
2, 3, 41, 33349
List the prime factors of 2877517.
43, 66919
What are the prime factors of 104068917?
3, 17, 680189
What are the prime factors of 1823349242?
2, 11, 13, 23, 113, 223
List the prime factors of 1345979666.
2, 672989833
List the prime factors of 5152383054.
2, 3, 7, 13, 487, 2153
List the prime factors of 616078364.
2, 11, 167, 83843
List the prime factors of 3300243.
3, 19, 57899
List the prime factors of 36954111.
3, 1367, 9011
List the prime factors of 666890740.
2, 5, 33344537
What are the prime factors of 19010079?
3, 11, 64007
List the prime factors of 2855063103.
3, 951687701
List the prime factors of 99021984.
2, 3, 1031479
What are the prime factors of 200567642?
2, 11, 271, 33641
What are the prime factors of 1984901715?
3, 5, 43, 1025789
List the prime factors of 231160706.
2, 7, 41, 257, 1567
What are the prime factors of 440138969?
419, 1050451
What are the prime factors of 507460505?
5, 139, 251, 2909
List the prime factors of 5503203.
3, 611467
List the prime factors of 202564908.
2, 3, 7, 13, 20611
List the prime factors of 97551120.
2, 3, 5, 89, 4567
What are the prime factors of 121366833?
3, 7, 83, 179, 389
What are the prime factors of 445626279?
3, 7, 53, 4943
List the prime factors of 1471003484.
2, 19, 229, 84521
List the prime factors of 6075797448.
2, 3, 7, 67, 539783
List the prime factors of 127759151.
13, 67, 146681
What are the prime factors of 115693393?
61, 73, 25981
What are the prime factors of 2058114398?
2, 29, 107, 541, 613
List the prime factors of 605266159.
8747, 69197
What are the prime factors of 1124337683?
7, 113, 251, 809
List the prime factors of 13220183.
13220183
List the prime factors of 59680684.
2, 7, 419, 5087
What are the prime factors of 1746689427?
3, 7, 62869
What are the prime factors of 31803544?
2, 457, 8699
What are the prime factors of 225352762?
2, 6229, 18089
List the prime factors of 311322441.
3, 1033, 100459
List the prime factors of 1845478456.
2, 230684807
List the prime factors of 52655550.
2, 3, 5, 351037
What are the prime factors of 3291224772?
2, 3, 11, 1033, 24137
What are the prime factors of 2394805450?
2, 5, 43, 1113863
What are the prime factors of 36057043?
11, 3277913
What are the prime factors of 3984180?
2, 3, 5, 66403
What are the prime factors of 35966944?
2, 13, 31, 2789
List the prime factors of 393713915.
5, 7, 19, 181, 3271
What are the prime factors of 1461302096?
2, 337, 271013
List the prime factors of 166588478.
2, 7, 11899177
List the prime factors of 1174978823.
1174978823
List the prime factors of 1676554916.
2, 23, 18223423
List the prime factors of 50971031.
50971031
What are the prime factors of 104817955?
5, 11, 1905781
What are the prime factors of 179872262?
2, 89936131
What are the prime factors of 113746899?
3, 7, 71, 76289
List the prime factors of 167586119.
17, 23, 113, 3793
What are the prime factors of 116098311?
3, 7, 61, 90631
List the prime factors of 3866956633.
3866956633
List the prime factors of 683011509.
3, 29, 7850707
What are the prime factors of 1117570020?
2, 3, 5, 7, 61, 181, 241
List the prime factors of 7596120299.
229, 433, 76607
List the prime factors of 23216367.
3, 7738789
List the prime factors of 604679217.
3, 8443, 23873
What are the prime factors of 1113365693?
11, 127, 796969
List the prime factors of 109571399.
7, 157, 14243
What are the prime factors of 50598824?
2, 19, 332887
List the prime factors of 43544132.
2, 41, 265513
List the prime factors of 39851334.
2, 3, 2213963
List the prime factors of 27414239.
131, 209269
List the prime factors of 203177810.
2, 5, 11, 1847071
List the prime factors of 76708148.
2, 11, 17, 102551
List the prime factors of 31678510.
2, 5, 19, 137, 1217
List the prime factors of 1868104996.
2, 983, 475103
What are the prime factors of 736583114?
2, 368291557
List the prime factors of 36439242.
2, 3, 7, 41, 3023
What are the prime factors of 134335563?
3, 3457, 12953
List the prime factors of 984502213.
911, 1080683
What are the prime factors of 82020602?
2, 41010301
What are the prime factors of 319220243?
23, 13879141
List the prime factors of 220107554.
2, 173, 636149
List the prime factors of 196395605.
5, 7, 5611303
List the prime factors of 9260634.
2, 3, 73, 21143
List the prime factors of 2950959323.
13, 43, 67, 78791
What are the prime factors of 10668687?
3, 43, 191, 433
List the prime factors of 170011008.
2, 3, 49193
What are the prime factors of 21444579?
3, 13, 23, 613
What are the prime factors of 4601218502?
2, 47, 3187, 15359
What are the prime factors of 29690641?
797, 37253
What are the prime factors of 3198966?
2, 3, 563, 947
What are the prime factors of 424156070?
2, 5, 13, 41, 79579
What are the prime factors of 373243807?
373243807
List the prime factors of 14844736.
2, 163, 1423
List the prime factors of 411359239.
411359239
List the prime factors of 12961335.
3, 5, 853, 1013
What are the prime factors of 39413915?
5, 41, 192263
What are the prime factors of 152451983?
4493, 33931
What are the prime factors of 2253290806?
2, 13, 17, 83, 3613
What are the prime factors of 1337325230?
2, 5, 17, 1087, 7237
What are the prime factors of 256363565?
5, 37, 1385749
What are the prime factors of 464928723?
3, 7, 149, 49529
What are the prime factors of 353132000?
2, 5, 13, 6791
List the prime factors of 174489696.
2, 3, 605867
List the prime factors of 3706026048.
2, 3, 79433
What are the prime factors of 1045052525?
5, 11, 1553, 2447
What are the prime factors of 368046402?
2, 3, 83, 107, 6907
List the prime factors of 2695696422.
2, 3, 8753, 51329
What are the prime factors of 6616684517?
929, 7122373
What are the prime factors of 1515335465?
5, 7, 61, 647, 1097
List the prime factors of 7417349218.
2, 151, 277, 88667
List the prime factors of 335283514.
2, 167641757
What are the prime factors of 109648822?
2, 811, 67601
What are the prime factors of 450446286?
2, 3, 5297, 14173
List the prime factors of 2990305093.
5501, 543593
What are the prime factors of 378758463?
3, 293, 430897
List the prime factors of 69216274.
2, 34608137
What are the prime factors of 312752751?
3, 2579, 40423
List the prime factors of 224410617.
3, 109, 228757
List the prime factors of 287553114.
2, 3, 881, 18133
List the prime factors of 91566051.
3, 1123, 27179
List the prime factors of 760733140.
2, 5, 38036657
List the prime factors of 1071074001.
3, 17, 757, 27743
List the prime factors of 12301332.
2, 3, 1025111
What are the prime factors of 5676663195?
3, 5, 7, 6007051
List the prime factors of 110040261.
3, 36680087
What are the prime factors of 509113343?
20873, 24391
List the prime factors of 459420356.
2, 881, 130369
List the prime factors of 3002270.
2, 5, 67, 4481
What are the prime factors of 90119486?
2, 43, 457, 2293
List the prime factors of 68797727.
19, 3620933
What are the prime factors of 7935970?
2, 5, 7, 113371
List the prime factors of 397649600.
2, 5, 157, 1583
What are the prime factors of 701680518?
2, 3, 7, 11, 506263
List the prime factors of 6569532110.
2, 5, 29, 22653559
List the prime factors of 3683401430.
2, 5, 37, 61, 163199
List the prime factors of 560285895.
3, 5, 13, 2873261
List the prime factors of 1796123863.
89, 2423, 8329
What are the prime factors of 31361718?
2, 3, 37, 141269
What are the prime factors of 63743583?
3, 21247861
What are the prime factors of 117081073?
117081073
What are the prime factors of 578890481?
13, 44530037
What are the prime factors of 1621740956?
2, 11, 36857749
List the prime factors of 836333072.
2, 52270817
List the prime factors of 117959027.
773, 15259